{"id":513,"date":"2020-03-18T20:34:41","date_gmt":"2020-03-18T19:34:41","guid":{"rendered":"http:\/\/pierre-noblet-dev.tech\/public\/?page_id=513"},"modified":"2020-03-18T22:55:53","modified_gmt":"2020-03-18T21:55:53","slug":"sante","status":"publish","type":"page","link":"https:\/\/pierre-noblet-dev.tech\/public\/sante\/","title":{"rendered":"Sant\u00e9"},"content":{"rendered":"\t\t<div data-elementor-type=\"wp-page\" data-elementor-id=\"513\" class=\"elementor elementor-513\">\n\t\t\t\t\t\t<section class=\"elementor-section elementor-top-section elementor-element elementor-element-3523dd2b elementor-section-boxed elementor-section-height-default elementor-section-height-default\" data-id=\"3523dd2b\" data-element_type=\"section\" data-e-type=\"section\">\n\t\t\t\t\t\t<div class=\"elementor-container elementor-column-gap-default\">\n\t\t\t\t\t<div class=\"elementor-column elementor-col-100 elementor-top-column elementor-element elementor-element-1e5c00eb\" data-id=\"1e5c00eb\" data-element_type=\"column\" data-e-type=\"column\">\n\t\t\t<div class=\"elementor-widget-wrap elementor-element-populated\">\n\t\t\t\t\t\t<div class=\"elementor-element elementor-element-7582a924 elementor-widget elementor-widget-heading\" data-id=\"7582a924\" data-element_type=\"widget\" data-e-type=\"widget\" data-widget_type=\"heading.default\">\n\t\t\t\t<div class=\"elementor-widget-container\">\n\t\t\t\t\t<h2 class=\"elementor-heading-title elementor-size-default\">Listes des aides sant\u00e9 et public concern\u00e9<\/h2>\t\t\t\t<\/div>\n\t\t\t\t<\/div>\n\t\t\t\t\t<\/div>\n\t\t<\/div>\n\t\t\t\t\t<\/div>\n\t\t<\/section>\n\t\t\t\t<section class=\"elementor-section elementor-top-section elementor-element elementor-element-66bc123c elementor-section-boxed elementor-section-height-default elementor-section-height-default\" data-id=\"66bc123c\" data-element_type=\"section\" data-e-type=\"section\">\n\t\t\t\t\t\t<div class=\"elementor-container elementor-column-gap-default\">\n\t\t\t\t\t<div class=\"elementor-column elementor-col-50 elementor-top-column elementor-element elementor-element-3233be49\" data-id=\"3233be49\" data-element_type=\"column\" data-e-type=\"column\">\n\t\t\t<div class=\"elementor-widget-wrap elementor-element-populated\">\n\t\t\t\t\t\t<div class=\"elementor-element elementor-element-2650fb90 elementor-widget elementor-widget-text-editor\" data-id=\"2650fb90\" data-element_type=\"widget\" data-e-type=\"widget\" data-widget_type=\"text-editor.default\">\n\t\t\t\t<div class=\"elementor-widget-container\">\n\t\t\t\t\t\t\t\t\t<h5><strong>Pour toute personne qui travaille ou r\u00e9side en France de mani\u00e8re r\u00e9guli\u00e8re<br \/><\/strong><\/h5><p><a href=\"https:\/\/pierre-noblet-dev.tech\/public\/?p=518\"><strong>Voir fiche Protection Universiselle Maladie (PUMa ex CMU)<br \/><\/strong><\/a><\/p>\t\t\t\t\t\t\t\t<\/div>\n\t\t\t\t<\/div>\n\t\t\t\t\t<\/div>\n\t\t<\/div>\n\t\t\t\t<div class=\"elementor-column elementor-col-50 elementor-top-column elementor-element elementor-element-4642d6af\" data-id=\"4642d6af\" data-element_type=\"column\" data-e-type=\"column\">\n\t\t\t<div class=\"elementor-widget-wrap elementor-element-populated\">\n\t\t\t\t\t\t<div class=\"elementor-element elementor-element-6d1b0f98 elementor-widget elementor-widget-text-editor\" data-id=\"6d1b0f98\" data-element_type=\"widget\" data-e-type=\"widget\" data-widget_type=\"text-editor.default\">\n\t\t\t\t<div class=\"elementor-widget-container\">\n\t\t\t\t\t\t\t\t\t<h5><strong>Personne assur\u00e9e \u00e0 un r\u00e9gime de s\u00e9curit\u00e9 sociale ne d\u00e9passant pas un certain plafond de ressource :<\/strong><\/h5><p><a href=\"https:\/\/pierre-noblet-dev.tech\/public\/?p=524\"><strong>Voir fiche compl\u00e9mentaire sant\u00e9 solidaire (CSS)<\/strong><\/a><\/p>\t\t\t\t\t\t\t\t<\/div>\n\t\t\t\t<\/div>\n\t\t\t\t\t<\/div>\n\t\t<\/div>\n\t\t\t\t\t<\/div>\n\t\t<\/section>\n\t\t\t\t<section class=\"elementor-section elementor-top-section elementor-element elementor-element-1d2633ce elementor-section-boxed elementor-section-height-default elementor-section-height-default\" data-id=\"1d2633ce\" data-element_type=\"section\" data-e-type=\"section\">\n\t\t\t\t\t\t<div class=\"elementor-container elementor-column-gap-default\">\n\t\t\t\t\t<div class=\"elementor-column elementor-col-50 elementor-top-column elementor-element elementor-element-198d1c18\" data-id=\"198d1c18\" data-element_type=\"column\" data-e-type=\"column\">\n\t\t\t<div class=\"elementor-widget-wrap elementor-element-populated\">\n\t\t\t\t\t\t<div class=\"elementor-element elementor-element-5090f0a8 elementor-widget elementor-widget-text-editor\" data-id=\"5090f0a8\" data-element_type=\"widget\" data-e-type=\"widget\" data-widget_type=\"text-editor.default\">\n\t\t\t\t<div class=\"elementor-widget-container\">\n\t\t\t\t\t\t\t\t\t<h5><strong>Pour les personnes \u00e9trang\u00e8res en situation administrative irr\u00e9guli\u00e8re :<\/strong><\/h5><p><a href=\"https:\/\/pierre-noblet-dev.tech\/public\/?p=531\"><strong>Voir fiche Aide M\u00e9dicale d&rsquo;Etat (AME)<\/strong><\/a><\/p>\t\t\t\t\t\t\t\t<\/div>\n\t\t\t\t<\/div>\n\t\t\t\t\t<\/div>\n\t\t<\/div>\n\t\t\t\t<div class=\"elementor-column elementor-col-50 elementor-top-column elementor-element elementor-element-51a316cd\" data-id=\"51a316cd\" data-element_type=\"column\" data-e-type=\"column\">\n\t\t\t<div class=\"elementor-widget-wrap elementor-element-populated\">\n\t\t\t\t\t\t\t<\/div>\n\t\t<\/div>\n\t\t\t\t\t<\/div>\n\t\t<\/section>\n\t\t\t\t<\/div>\n\t\t","protected":false},"excerpt":{"rendered":"<p>Listes des aides sant\u00e9 et public concern\u00e9 Pour toute personne qui travaille ou r\u00e9side en France de mani\u00e8re r\u00e9guli\u00e8re Voir fiche Protection Universiselle Maladie (PUMa ex CMU) Personne assur\u00e9e \u00e0 un r\u00e9gime de s\u00e9curit\u00e9 sociale ne d\u00e9passant pas un certain plafond de ressource : Voir fiche compl\u00e9mentaire sant\u00e9 solidaire (CSS) Pour les personnes \u00e9trang\u00e8res en <a class=\"read-more\" href=\"https:\/\/pierre-noblet-dev.tech\/public\/sante\/\">Read More<\/a><\/p>\n","protected":false},"author":1,"featured_media":0,"parent":0,"menu_order":0,"comment_status":"closed","ping_status":"closed","template":"","meta":{"footnotes":""},"class_list":["post-513","page","type-page","status-publish","hentry"],"_links":{"self":[{"href":"https:\/\/pierre-noblet-dev.tech\/public\/wp-json\/wp\/v2\/pages\/513","targetHints":{"allow":["GET"]}}],"collection":[{"href":"https:\/\/pierre-noblet-dev.tech\/public\/wp-json\/wp\/v2\/pages"}],"about":[{"href":"https:\/\/pierre-noblet-dev.tech\/public\/wp-json\/wp\/v2\/types\/page"}],"author":[{"embeddable":true,"href":"https:\/\/pierre-noblet-dev.tech\/public\/wp-json\/wp\/v2\/users\/1"}],"replies":[{"embeddable":true,"href":"https:\/\/pierre-noblet-dev.tech\/public\/wp-json\/wp\/v2\/comments?post=513"}],"version-history":[{"count":4,"href":"https:\/\/pierre-noblet-dev.tech\/public\/wp-json\/wp\/v2\/pages\/513\/revisions"}],"predecessor-version":[{"id":538,"href":"https:\/\/pierre-noblet-dev.tech\/public\/wp-json\/wp\/v2\/pages\/513\/revisions\/538"}],"wp:attachment":[{"href":"https:\/\/pierre-noblet-dev.tech\/public\/wp-json\/wp\/v2\/media?parent=513"}],"curies":[{"name":"wp","href":"https:\/\/api.w.org\/{rel}","templated":true}]}}