{"id":609,"date":"2020-03-22T21:05:30","date_gmt":"2020-03-22T20:05:30","guid":{"rendered":"http:\/\/pierre-noblet-dev.tech\/public\/?page_id=609"},"modified":"2020-11-17T18:53:37","modified_gmt":"2020-11-17T17:53:37","slug":"personne-migrante","status":"publish","type":"page","link":"https:\/\/pierre-noblet-dev.tech\/public\/personne-migrante\/","title":{"rendered":"Personne migrante ou SDF"},"content":{"rendered":"\t\t<div data-elementor-type=\"wp-page\" data-elementor-id=\"609\" class=\"elementor elementor-609\">\n\t\t\t\t\t\t<section class=\"elementor-section elementor-top-section elementor-element elementor-element-60c874aa elementor-section-boxed elementor-section-height-default elementor-section-height-default\" data-id=\"60c874aa\" data-element_type=\"section\" data-e-type=\"section\">\n\t\t\t\t\t\t<div class=\"elementor-container elementor-column-gap-default\">\n\t\t\t\t\t<div class=\"elementor-column elementor-col-100 elementor-top-column elementor-element elementor-element-7f625886\" data-id=\"7f625886\" data-element_type=\"column\" data-e-type=\"column\">\n\t\t\t<div class=\"elementor-widget-wrap elementor-element-populated\">\n\t\t\t\t\t\t<div class=\"elementor-element elementor-element-2a223ae6 elementor-widget elementor-widget-heading\" data-id=\"2a223ae6\" data-element_type=\"widget\" data-e-type=\"widget\" data-widget_type=\"heading.default\">\n\t\t\t\t<div class=\"elementor-widget-container\">\n\t\t\t\t\t<h2 class=\"elementor-heading-title elementor-size-default\">Listes des fiches et documents<\/h2>\t\t\t\t<\/div>\n\t\t\t\t<\/div>\n\t\t\t\t\t<\/div>\n\t\t<\/div>\n\t\t\t\t\t<\/div>\n\t\t<\/section>\n\t\t\t\t<section class=\"elementor-section elementor-top-section elementor-element elementor-element-53f1fe26 elementor-section-boxed elementor-section-height-default elementor-section-height-default\" data-id=\"53f1fe26\" data-element_type=\"section\" data-e-type=\"section\">\n\t\t\t\t\t\t<div class=\"elementor-container elementor-column-gap-default\">\n\t\t\t\t\t<div class=\"elementor-column elementor-col-50 elementor-top-column elementor-element elementor-element-16282664\" data-id=\"16282664\" data-element_type=\"column\" data-e-type=\"column\">\n\t\t\t<div class=\"elementor-widget-wrap elementor-element-populated\">\n\t\t\t\t\t\t<div class=\"elementor-element elementor-element-1e170607 elementor-widget elementor-widget-text-editor\" data-id=\"1e170607\" data-element_type=\"widget\" data-e-type=\"widget\" data-widget_type=\"text-editor.default\">\n\t\t\t\t<div class=\"elementor-widget-container\">\n\t\t\t\t\t\t\t\t\t<h5><strong>Personne ayant re\u00e7u un Ordre de Quitter le Territoire Fran\u00e7ais (OQTF) :<\/strong><\/h5><p><a href=\"https:\/\/pierre-noblet-dev.tech\/public\/?p=632\"><strong>Voir fiche OQTF<br \/><\/strong><\/a><\/p>\t\t\t\t\t\t\t\t<\/div>\n\t\t\t\t<\/div>\n\t\t\t\t\t<\/div>\n\t\t<\/div>\n\t\t\t\t<div class=\"elementor-column elementor-col-50 elementor-top-column elementor-element elementor-element-7daff620\" data-id=\"7daff620\" data-element_type=\"column\" data-e-type=\"column\">\n\t\t\t<div class=\"elementor-widget-wrap elementor-element-populated\">\n\t\t\t\t\t\t<div class=\"elementor-element elementor-element-2c01ea84 elementor-widget elementor-widget-text-editor\" data-id=\"2c01ea84\" data-element_type=\"widget\" data-e-type=\"widget\" data-widget_type=\"text-editor.default\">\n\t\t\t\t<div class=\"elementor-widget-container\">\n\t\t\t\t\t\t\t\t\t<h5><strong>Personne malade r\u00e9sidant en France :<br \/><\/strong><\/h5><p>Voir brochure ODSE :<br \/><a href=\"https:\/\/pierre-noblet-dev.tech\/public\/wp-content\/uploads\/2020\/03\/VF2_Brochure_ODSE_mars_2017.pdf\">VF2_Brochure_ODSE_mars_2017<\/a><\/p>\t\t\t\t\t\t\t\t<\/div>\n\t\t\t\t<\/div>\n\t\t\t\t\t<\/div>\n\t\t<\/div>\n\t\t\t\t\t<\/div>\n\t\t<\/section>\n\t\t\t\t<section class=\"elementor-section elementor-top-section elementor-element elementor-element-adde1c6 elementor-section-boxed elementor-section-height-default elementor-section-height-default\" data-id=\"adde1c6\" data-element_type=\"section\" data-e-type=\"section\">\n\t\t\t\t\t\t<div class=\"elementor-container elementor-column-gap-default\">\n\t\t\t\t\t<div class=\"elementor-column elementor-col-50 elementor-top-column elementor-element elementor-element-599ddde\" data-id=\"599ddde\" data-element_type=\"column\" data-e-type=\"column\">\n\t\t\t<div class=\"elementor-widget-wrap elementor-element-populated\">\n\t\t\t\t\t\t<div class=\"elementor-element elementor-element-c036f11 elementor-widget elementor-widget-text-editor\" data-id=\"c036f11\" data-element_type=\"widget\" data-e-type=\"widget\" data-widget_type=\"text-editor.default\">\n\t\t\t\t<div class=\"elementor-widget-container\">\n\t\t\t\t\t\t\t\t\t<h5><strong>Personne \u00e2g\u00e9e :<\/strong><\/h5><p>Voir document CIMADE :<br \/><a href=\"https:\/\/pierre-noblet-dev.tech\/public\/wp-content\/uploads\/2020\/03\/sante\u0301-personnes-a\u0302ge\u0301es.pptx\" target=\"_blank\" rel=\"noopener\">sante\u0301 personnes a\u0302ge\u0301es<\/a><a href=\"https:\/\/pierre-noblet-dev.tech\/public\/?p=84\"><strong><br \/><\/strong><\/a><\/p>\t\t\t\t\t\t\t\t<\/div>\n\t\t\t\t<\/div>\n\t\t\t\t\t<\/div>\n\t\t<\/div>\n\t\t\t\t<div class=\"elementor-column elementor-col-50 elementor-top-column elementor-element elementor-element-6cb1509\" data-id=\"6cb1509\" data-element_type=\"column\" data-e-type=\"column\">\n\t\t\t<div class=\"elementor-widget-wrap elementor-element-populated\">\n\t\t\t\t\t\t<div class=\"elementor-element elementor-element-37e62c2 elementor-widget elementor-widget-text-editor\" data-id=\"37e62c2\" data-element_type=\"widget\" data-e-type=\"widget\" data-widget_type=\"text-editor.default\">\n\t\t\t\t<div class=\"elementor-widget-container\">\n\t\t\t\t\t\t\t\t\t<h5><strong>\u00catre fran\u00e7ais :<br \/><\/strong><\/h5><p>Voir document CIMADE : <br \/><a href=\"https:\/\/pierre-noblet-dev.tech\/public\/wp-content\/uploads\/2020\/03\/EtreFrancais_fiche-Alge\u0301riens.pdf\" target=\"_blank\" rel=\"noopener\">EtreFrancais_fiche (+ Alge\u0301riens)<\/a><\/p>\t\t\t\t\t\t\t\t<\/div>\n\t\t\t\t<\/div>\n\t\t\t\t\t<\/div>\n\t\t<\/div>\n\t\t\t\t\t<\/div>\n\t\t<\/section>\n\t\t\t\t<section class=\"elementor-section elementor-top-section elementor-element elementor-element-6df36ff elementor-section-boxed elementor-section-height-default elementor-section-height-default\" data-id=\"6df36ff\" data-element_type=\"section\" data-e-type=\"section\">\n\t\t\t\t\t\t<div class=\"elementor-container elementor-column-gap-default\">\n\t\t\t\t\t<div class=\"elementor-column elementor-col-50 elementor-top-column elementor-element elementor-element-69e0bb9\" data-id=\"69e0bb9\" data-element_type=\"column\" data-e-type=\"column\">\n\t\t\t<div class=\"elementor-widget-wrap elementor-element-populated\">\n\t\t\t\t\t\t<div class=\"elementor-element elementor-element-e5f5cc2 elementor-widget elementor-widget-text-editor\" data-id=\"e5f5cc2\" data-element_type=\"widget\" data-e-type=\"widget\" data-widget_type=\"text-editor.default\">\n\t\t\t\t<div class=\"elementor-widget-container\">\n\t\t\t\t\t\t\t\t\t<h5><strong>Titre de s\u00e9jour pour raison de sant\u00e9 :<\/strong><\/h5>\t\t\t\t\t\t\t\t<\/div>\n\t\t\t\t<\/div>\n\t\t\t\t<div class=\"elementor-element elementor-element-cd5c664 elementor-view-default elementor-position-block-start elementor-mobile-position-block-start elementor-widget elementor-widget-icon-box\" data-id=\"cd5c664\" data-element_type=\"widget\" data-e-type=\"widget\" data-widget_type=\"icon-box.default\">\n\t\t\t\t<div class=\"elementor-widget-container\">\n\t\t\t\t\t\t\t<div class=\"elementor-icon-box-wrapper\">\n\n\t\t\t\t\t\t<div class=\"elementor-icon-box-icon\">\n\t\t\t\t<span  class=\"elementor-icon\">\n\t\t\t\t<i aria-hidden=\"true\" class=\"fas fa-tools\"><\/i>\t\t\t\t<\/span>\n\t\t\t<\/div>\n\t\t\t\n\t\t\t\t\t\t<div class=\"elementor-icon-box-content\">\n\n\t\t\t\t\t\t\t\t\t<h3 class=\"elementor-icon-box-title\">\n\t\t\t\t\t\t<span  >\n\t\t\t\t\t\t\tFiche en construction\t\t\t\t\t\t<\/span>\n\t\t\t\t\t<\/h3>\n\t\t\t\t\n\t\t\t\t\n\t\t\t<\/div>\n\t\t\t\n\t\t<\/div>\n\t\t\t\t\t\t<\/div>\n\t\t\t\t<\/div>\n\t\t\t\t\t<\/div>\n\t\t<\/div>\n\t\t\t\t<div class=\"elementor-column elementor-col-50 elementor-top-column elementor-element elementor-element-bfa82c1\" data-id=\"bfa82c1\" data-element_type=\"column\" data-e-type=\"column\">\n\t\t\t<div class=\"elementor-widget-wrap elementor-element-populated\">\n\t\t\t\t\t\t<div class=\"elementor-element elementor-element-bef51f8 elementor-widget elementor-widget-text-editor\" data-id=\"bef51f8\" data-element_type=\"widget\" data-e-type=\"widget\" data-widget_type=\"text-editor.default\">\n\t\t\t\t<div class=\"elementor-widget-container\">\n\t\t\t\t\t\t\t\t\t<h5><strong>\u00catre fran\u00e7ais :<br \/><\/strong><\/h5><p>Voir document CIMADE : <br \/><a href=\"https:\/\/pierre-noblet-dev.tech\/public\/wp-content\/uploads\/2020\/03\/EtreFrancais_fiche-Alge\u0301riens.pdf\" target=\"_blank\" rel=\"noopener\">EtreFrancais_fiche (+ Alge\u0301riens)<\/a><\/p><p><strong>Naturalisation :<br \/><\/strong>Voir fiche <a href=\"https:\/\/pierre-noblet-dev.tech\/public\/naturalisation\/\">Naturalisation<\/a><\/p>\t\t\t\t\t\t\t\t<\/div>\n\t\t\t\t<\/div>\n\t\t\t\t\t<\/div>\n\t\t<\/div>\n\t\t\t\t\t<\/div>\n\t\t<\/section>\n\t\t\t\t<section class=\"elementor-section elementor-top-section elementor-element elementor-element-243c814 elementor-section-boxed elementor-section-height-default elementor-section-height-default\" data-id=\"243c814\" data-element_type=\"section\" data-e-type=\"section\">\n\t\t\t\t\t\t<div class=\"elementor-container elementor-column-gap-default\">\n\t\t\t\t\t<div class=\"elementor-column elementor-col-50 elementor-top-column elementor-element elementor-element-2388d9b\" data-id=\"2388d9b\" data-element_type=\"column\" data-e-type=\"column\">\n\t\t\t<div class=\"elementor-widget-wrap elementor-element-populated\">\n\t\t\t\t\t\t<div class=\"elementor-element elementor-element-a38362d elementor-widget elementor-widget-text-editor\" data-id=\"a38362d\" data-element_type=\"widget\" data-e-type=\"widget\" data-widget_type=\"text-editor.default\">\n\t\t\t\t<div class=\"elementor-widget-container\">\n\t\t\t\t\t\t\t\t\t<h5><strong>Premi\u00e8re demande d&rsquo;un titre de s\u00e9jour &#8211; ressortissant hors UE :<br \/><\/strong><\/h5><p><a href=\"https:\/\/pierre-noblet-dev.tech\/public\/?p=1004\">Voir Fiche<\/a><\/p>\t\t\t\t\t\t\t\t<\/div>\n\t\t\t\t<\/div>\n\t\t\t\t\t<\/div>\n\t\t<\/div>\n\t\t\t\t<div class=\"elementor-column elementor-col-50 elementor-top-column elementor-element elementor-element-308468b\" data-id=\"308468b\" data-element_type=\"column\" data-e-type=\"column\">\n\t\t\t<div class=\"elementor-widget-wrap elementor-element-populated\">\n\t\t\t\t\t\t<div class=\"elementor-element elementor-element-37a342c elementor-widget elementor-widget-text-editor\" data-id=\"37a342c\" data-element_type=\"widget\" data-e-type=\"widget\" data-widget_type=\"text-editor.default\">\n\t\t\t\t<div class=\"elementor-widget-container\">\n\t\t\t\t\t\t\t\t\t<h5><strong>Demande d&rsquo;admission exceptionnelle au s\u00e9jour : <br \/><\/strong><\/h5><p><a href=\"https:\/\/pierre-noblet-dev.tech\/public\/?p=990\">Voir Fiche<\/a><\/p>\t\t\t\t\t\t\t\t<\/div>\n\t\t\t\t<\/div>\n\t\t\t\t\t<\/div>\n\t\t<\/div>\n\t\t\t\t\t<\/div>\n\t\t<\/section>\n\t\t\t\t<\/div>\n\t\t","protected":false},"excerpt":{"rendered":"<p>Listes des fiches et documents Personne ayant re\u00e7u un Ordre de Quitter le Territoire Fran\u00e7ais (OQTF) : Voir fiche OQTF Personne malade r\u00e9sidant en France : Voir brochure ODSE : VF2_Brochure_ODSE_mars_2017 Personne \u00e2g\u00e9e : Voir document CIMADE : sante\u0301 personnes a\u0302ge\u0301es \u00catre fran\u00e7ais : Voir document CIMADE : EtreFrancais_fiche (+ Alge\u0301riens) Titre de s\u00e9jour pour <a class=\"read-more\" href=\"https:\/\/pierre-noblet-dev.tech\/public\/personne-migrante\/\">Read More<\/a><\/p>\n","protected":false},"author":1,"featured_media":0,"parent":0,"menu_order":0,"comment_status":"closed","ping_status":"closed","template":"","meta":{"footnotes":""},"class_list":["post-609","page","type-page","status-publish","hentry"],"_links":{"self":[{"href":"https:\/\/pierre-noblet-dev.tech\/public\/wp-json\/wp\/v2\/pages\/609","targetHints":{"allow":["GET"]}}],"collection":[{"href":"https:\/\/pierre-noblet-dev.tech\/public\/wp-json\/wp\/v2\/pages"}],"about":[{"href":"https:\/\/pierre-noblet-dev.tech\/public\/wp-json\/wp\/v2\/types\/page"}],"author":[{"embeddable":true,"href":"https:\/\/pierre-noblet-dev.tech\/public\/wp-json\/wp\/v2\/users\/1"}],"replies":[{"embeddable":true,"href":"https:\/\/pierre-noblet-dev.tech\/public\/wp-json\/wp\/v2\/comments?post=609"}],"version-history":[{"count":25,"href":"https:\/\/pierre-noblet-dev.tech\/public\/wp-json\/wp\/v2\/pages\/609\/revisions"}],"predecessor-version":[{"id":2221,"href":"https:\/\/pierre-noblet-dev.tech\/public\/wp-json\/wp\/v2\/pages\/609\/revisions\/2221"}],"wp:attachment":[{"href":"https:\/\/pierre-noblet-dev.tech\/public\/wp-json\/wp\/v2\/media?parent=609"}],"curies":[{"name":"wp","href":"https:\/\/api.w.org\/{rel}","templated":true}]}}